120
What is the greatest common factor of 8 and 2144?
8
Calculate the greatest common factor of 560 and 175.
35
Calculate the greatest common divisor of 1496 and 136.
136
Calculate the highest common divisor of 51 and 731.
17
Calculate the highest common divisor of 84 and 51.
3
What is the highest common divisor of 2725 and 25?
25
What is the highest common factor of 8 and 202?
2
Calculate the highest common factor of 1016 and 32.
8
Calculate the greatest common divisor of 2537 and 177.
59
Calculate the highest common factor of 3104 and 873.
97
Calculate the highest common divisor of 3949 and 10411.
359
What is the greatest common factor of 110 and 1265?
55
What is the highest common factor of 1157 and 533?
13
What is the highest common factor of 570 and 30?
30
What is the highest common divisor of 9 and 33?
3
Calculate the highest common divisor of 7644 and 156.
156
What is the highest common divisor of 432 and 16?
16
What is the highest common divisor of 65 and 299?
13
What is the greatest common factor of 1225 and 700?
175
What is the greatest common factor of 80 and 15?
5
What is the greatest common factor of 24564 and 276?
276
Calculate the highest common factor of 1584 and 99.
99
What is the highest common divisor of 637 and 273?
91
What is the greatest common divisor of 336 and 63?
21
What is the highest common divisor of 22 and 286?
22
What is the greatest common factor of 58 and 638?
58
What is the greatest common factor of 13398 and 29?
29
What is the greatest common divisor of 57 and 9?
3
What is the highest common factor of 2556 and 36?
36
What is the greatest common divisor of 30 and 14580?
30
What is the greatest common divisor of 41 and 2378?
41
What is the greatest common factor of 88 and 8?
8
What is the highest common divisor of 36 and 3468?
12
What is the greatest common factor of 186 and 4216?
62
Calculate the greatest common factor of 55 and 5175.
5
Calculate the highest common factor of 182 and 28.
14
What is the highest common divisor of 84 and 36?
12
Calculate the highest common factor of 724 and 4.
4
What is the highest common factor of 3675 and 15?
15
Calculate the highest common factor of 40 and 1060.
20
What is the greatest common factor of 80 and 112?
16
What is the highest common factor of 24 and 2472?
24
What is the greatest common divisor of 15 and 120?
15
Calculate the greatest common divisor of 21 and 3787.
7
Calculate the highest common divisor of 13786 and 366.
122
Calculate the greatest common factor of 3225 and 516.
129
Calculate the highest common factor of 498 and 6806.
166
Calculate the greatest common factor of 5 and 5.
5
Calculate the greatest common factor of 167 and 32231.
167
What is the highest common divisor of 343 and 91?
7
Calculate the highest common divisor of 5491 and 578.
289
Calculate the highest common factor of 55 and 35.
5
Calculate the greatest common divisor of 189 and 42.
21
What is the greatest common factor of 19449 and 45?
9
What is the highest common divisor of 1 and 8114?
1
Calculate the highest common factor of 15090 and 270.
30
Calculate the highest common divisor of 606 and 66.
6
Calculate the greatest common factor of 775 and 62.
31
What is the greatest common factor of 672 and 105?
21
What is the highest common divisor of 22 and 632?
2
Calculate the highest common divisor of 5632 and 88.
88
What is the highest common divisor of 4864 and 76?
76
What is the greatest common factor of 3065 and 10?
5
Calculate the highest common divisor of 2494 and 43.
43
What is the highest common factor of 1975 and 237?
79
What is the greatest common factor of 192 and 5824?
64
Calculate the greatest common divisor of 9675 and 25.
25
What is the greatest common divisor of 45 and 5?
5
What is the greatest common factor of 135 and 15?
15
What is the highest common divisor of 46 and 92?
46
What is the highest common divisor of 108 and 522?
18
What is the greatest common factor of 164 and 41?
41
Calculate the highest common divisor of 376 and 72.
8
What is the greatest common factor of 46 and 115?
23
What is the highest common divisor of 22 and 2486?
22
What is the highest common factor of 51 and 22321?
17
Calculate the greatest common factor of 28668 and 12.
12
What is the greatest common divisor of 60 and 2060?
20
Calculate the highest common factor of 2139 and 155.
31
What is the highest common divisor of 380 and 228?
76
Calculate the greatest common divisor of 146 and 13067.
73
Calculate the highest common divisor of 20 and 480.
20
What is the greatest common divisor of 12177 and 3861?
297
What is the highest common factor of 128 and 70?
2
What is the greatest common factor of 8721 and 204?
51
Calculate the highest common factor of 296 and 8.
8
Calculate the highest common factor of 30 and 310.
10
What is the highest common divisor of 50 and 9250?
50
Calculate the highest common factor of 40 and 310.
10
What is the highest common divisor of 133 and 38?
19
Calculate the highest common factor of 2068 and 47.
47
What is the greatest common factor of 738 and 144?
18
What is the highest common divisor of 3713 and 47?
47
What is the greatest common divisor of 1026 and 18?
18
What is the greatest common divisor of 117 and 442?
13
What is the highest common divisor of 9 and 657?
9
Calculate the greatest common divisor of 15 and 3645.
15
What is the greatest common factor of 924 and 84?
84
What is the greatest common factor of 94 and 25709?
47
What is the greatest common divisor of 749 and 5350?
107
What is the greatest common divisor of 166 and 18841?
83
Calculate the greatest common factor of 76 and 2812.
76
What is the highest common factor of 504 and 5184?
72
What is the highest common factor of 91 and 9191?
91
Calculate the highest common divisor of 1470 and 315.
105
What is the greatest common divisor of 273 and 861?
21
Calculate the highest common divisor of 240 and 18.
6
What is the greatest common divisor of 195 and 26?
13
What is the highest common factor of 2668 and 23?
23
Calculate the highest common divisor of 8120 and 40.
40
Calculate the highest common divisor of 175 and 50.
25
What is the greatest common factor of 102 and 24?
6
Calculate the highest common divisor of 690 and 90.
30
What is the greatest common factor of 2134 and 44?
22
Calculate the highest common factor of 16875 and 9.
9
What is the highest common divisor of 212 and 4187?
53
What is the greatest common factor of 527 and 68?
17
What is the highest common factor of 17 and 4?
1
What is the greatest common divisor of 85 and 40?
5
Calculate the highest common divisor of 16896 and 66.
66
What is the greatest common divisor of 116 and 841?
29
What is the greatest common divisor of 50 and 2210?
10
Calculate the highest common factor of 208 and 112.
16
What is the highest common divisor of 112 and 5992?
56
Calculate the greatest common divisor of 368 and 115.
23
What is the highest common divisor of 2364 and 24?
12
What is the highest common divisor of 7392 and 56?
56
What is the highest common factor of 207 and 92?
23
What is the greatest common divisor of 86 and 7654?
86
Calculate the highest common factor of 155 and 465.
155
What is the highest common divisor of 1044 and 4?
4
Calculate the highest common factor of 11 and 3.
1
What is the highest common divisor of 272 and 170?
34
Calculate the greatest common factor of 167 and 29392.
167
Calculate the greatest common factor of 125 and 2875.
125
Calculate the highest common divisor of 42 and 98.
14
What is the highest common factor of 39 and 793?
13
What is the greatest common divisor of 2853 and 3?
3
Calculate the highest common divisor of 126 and 72.
18
Calculate the greatest common factor of 205 and 2624.
41
Calculate the greatest common factor of 1771 and 22.
11
What is the highest common factor of 1711 and 29?
29
Calculate the greatest common factor of 96 and 208.
16
What is the highest common divisor of 77217 and 21?
21
Calculate the greatest common divisor of 1058 and 46.
46
What is the highest common factor of 98 and 28?
14
Calculate the highest common factor of 1236 and 96.
12
What is the highest common factor of 266 and 714?
14
What is the highest common factor of 8016 and 48?
48
What is the greatest common divisor of 304 and 266?
38
Calculate the greatest common 